the prime factors of 217222038?
2, 3, 11, 1097081
What are the prime factors of 360898407?
3, 19, 37, 57041
List the prime factors of 100250268.
2, 3, 2297, 3637
List the prime factors of 2145689622.
2, 3, 5783, 6871
List the prime factors of 157426060.
2, 5, 11, 31, 41, 563
What are the prime factors of 82205730?
2, 3, 5, 913397
What are the prime factors of 88273456?
2, 5517091
List the prime factors of 236263997.
6599, 35803
List the prime factors of 3728701431.
3, 7, 13, 47, 229
What are the prime factors of 8415890?
2, 5, 7, 109, 1103
List the prime factors of 6075679622.
2, 271, 11209741
What are the prime factors of 56900192?
2, 89, 19979
What are the prime factors of 2518316137?
607, 4148791
List the prime factors of 1297616174.
2, 648808087
What are the prime factors of 13715745?
3, 5, 569, 1607
List the prime factors of 439498989.
3, 48833221
What are the prime factors of 140680750?
2, 5, 7, 19, 4231
What are the prime factors of 42460408?
2, 29, 6311
What are the prime factors of 3490346887?
34367, 101561
What are the prime factors of 847545533?
847545533
What are the prime factors of 25530404?
2, 103, 61967
List the prime factors of 924645088.
2, 28895159
What are the prime factors of 201537969?
3, 67179323
What are the prime factors of 51798639?
3, 263, 65651
What are the prime factors of 211061037?
3, 11, 61, 104849
What are the prime factors of 504606669?
3, 7, 24028889
List the prime factors of 2401587112.
2, 31, 9683819
List the prime factors of 272915937.
3, 7, 618857
What are the prime factors of 4754693417?
31, 153377207
List the prime factors of 128414459.
128414459
What are the prime factors of 1006809096?
2, 3, 2707, 15497
What are the prime factors of 155578074?
2, 3, 25929679
List the prime factors of 922818432.
2, 3, 2403173
What are the prime factors of 21163184?
2, 7, 188957
What are the prime factors of 209572210?
2, 5, 61, 343561
What are the prime factors of 72178047?
3, 317, 937
What are the prime factors of 381937530?
2, 3, 5, 13, 979327
List the prime factors of 117454698.
2, 3, 23, 29, 1087
List the prime factors of 32416367.
43, 337, 2237
What are the prime factors of 4856045111?
4856045111
List the prime factors of 3273669986.
2, 541, 937, 3229
What are the prime factors of 621873470?
2, 5, 62187347
What are the prime factors of 2065638110?
2, 5, 1777, 116243
What are the prime factors of 333941294?
2, 1847, 90401
What are the prime factors of 301787032?
2, 19, 1985441
What are the prime factors of 2319629386?
2, 83, 13973671
List the prime factors of 2189447775.
3, 5, 67, 311, 467
List the prime factors of 189821259.
3, 227, 30971
What are the prime factors of 1000088321?
71, 1193, 11807
What are the prime factors of 21704956?
2, 7, 13, 59629
List the prime factors of 17007545.
5, 3401509
List the prime factors of 110976830.
2, 5, 79, 140477
What are the prime factors of 1050030?
2, 3, 5, 3889
What are the prime factors of 393488835?
3, 5, 26232589
List the prime factors of 2336211808.
2, 7, 17, 87643
List the prime factors of 61291278.
2, 3, 31, 109841
List the prime factors of 618068453.
163, 3791831
List the prime factors of 132739231.
277, 313, 1531
What are the prime factors of 1570150916?
2, 392537729
What are the prime factors of 274144402?
2, 7, 19581743
List the prime factors of 27390677.
23, 1190899
What are the prime factors of 8208824703?
3, 11177, 244813
List the prime factors of 6487927133.
5869, 1105457
List the prime factors of 176259370.
2, 5, 7, 359713
What are the prime factors of 100104016?
2, 6256501
List the prime factors of 828871740.
2, 3, 5, 67, 68729
List the prime factors of 1592727354.
2, 3, 3253, 9067
What are the prime factors of 276853135?
5, 13, 43, 99053
List the prime factors of 54328415.
5, 23, 472421
List the prime factors of 5747616133.
7, 151, 1877, 2897
List the prime factors of 1310554941.
3, 17299, 25253
List the prime factors of 3343279042.
2, 499, 631, 5309
What are the prime factors of 62930788?
2, 15732697
List the prime factors of 200012247.
3, 163, 15149
List the prime factors of 370522393.
331, 1119403
List the prime factors of 256054786.
2, 13, 9848261
List the prime factors of 465128999.
29, 229, 70039
What are the prime factors of 94773563?
94773563
List the prime factors of 367677995.
5, 73535599
What are the prime factors of 50605936?
2, 37, 73, 1171
What are the prime factors of 61246637?
29, 2111953
What are the prime factors of 850704005?
5, 19, 8954779
What are the prime factors of 548181108?
2, 3, 1691917
List the prime factors of 238659144.
2, 3, 1901, 5231
What are the prime factors of 81620627?
11, 41, 137, 1321
List the prime factors of 185331530.
2, 5, 83, 223291
What are the prime factors of 5521700?
2, 5, 55217
List the prime factors of 67359254.
2, 67, 709
What are the prime factors of 2122755?
3, 5, 47, 3011
List the prime factors of 1965039444.
2, 3, 54584429
What are the prime factors of 120027472?
2, 47, 193, 827
List the prime factors of 3775241856.
2, 3, 761, 12919
List the prime factors of 629000754.
2, 3, 5021, 20879
List the prime factors of 1854949.
47, 61, 647
What are the prime factors of 1786400734?
2, 9697, 92111
What are the prime factors of 3793733777?
61, 62192357
What are the prime factors of 45415564?
2, 11353891
What are the prime factors of 148017908?
2, 37, 1000121
What are the prime factors of 484982072?
2, 1049, 57791
What are the prime factors of 156705646?
2, 4259, 18397
What are the prime factors of 1254384327?
3, 7, 23, 661, 3929
What are the prime factors of 1860418376?
2, 31, 7501687
What are the prime factors of 61746959?
61746959
What are the prime factors of 19140512?
2, 598141
List the prime factors of 73615031.
7, 1231, 8543
List the prime factors of 112703794.
2, 7, 8050271
List the prime factors of 128666961.
3, 577, 2753
What are the prime factors of 664032183?
3, 31, 113, 179, 353
List the prime factors of 17401352.
2, 2175169
What are the prime factors of 22307587?
17, 1312211
What are the prime factors of 1876594364?
2, 167, 2809273
List the prime factors of 3932849269.
181, 379, 57331
What are the prime factors of 403809727?
131, 3082517
List the prime factors of 32244565.
5, 6448913
What are the prime factors of 561988862?
2, 619, 453949
List the prime factors of 192375643.
677, 284159
List the prime factors of 5506125691.
11, 19, 2395009
List the prime factors of 4471796634.
2, 3, 89, 347, 24133
What are the prime factors of 60733500?
2, 3, 5, 19, 2131
What are the prime factors of 148920668?
2, 13, 2863859
List the prime factors of 133407852.
2, 3, 11117321
What are the prime factors of 945022516?
2, 236255629
List the prime factors of 1142084839.
7, 163154977
What are the prime factors of 396779784?
2, 3, 863, 19157
What are the prime factors of 170223412?
2, 43, 989671
List the prime factors of 1393921055.
5, 1117, 249583
What are the prime factors of 1593913844?
2, 398478461
List the prime factors of 36898066.
2, 1877, 9829
List the prime factors of 22524960.
2, 3, 5, 167, 281
List the prime factors of 520176181.
7, 7193, 10331
What are the prime factors of 43112397?
3, 1361, 10559
What are the prime factors of 57859895?
5, 137, 84467
What are the prime factors of 66728708?
2, 16682177
What are the prime factors of 247389060?
2, 3, 5, 211, 19541
List the prime factors of 47594745.
3, 5, 11, 8741
List the prime factors of 439960725.
3, 5, 1955381
List the prime factors of 808903126.
2, 349, 1158887
What are the prime factors of 2020118894?
2, 409, 2469583
What are the prime factors of 1903561424?
2, 1489, 79901
What are the prime factors of 76256195?
5, 15251239
What are the prime factors of 3934199048?
2, 13, 37, 857, 1193
What are the prime factors of 58173185?
5, 7, 743, 2237
List the prime factors of 38945343.
3, 83, 229, 683
List the prime factors of 31080143.
19, 131, 12487
What are the prime factors of 2200014?
2, 3, 131, 311
List the prime factors of 179846722.
2, 11, 47, 173933
List the prime factors of 10215218.
2, 13, 392893
List the prime factors of 6572415262.
2, 7, 1399, 335567
What are the prime factors of 38812822?
2, 23, 843757
What are the prime factors of 1384491053?
11, 125862823
List the prime factors of 5431376683.
331, 16408993
List the prime factors of 1588086696.
2,